 in base 10?
-2328464
-15046256 (base 7) to base 2
-101011011100011100101
27427303 (base 8) to base 5
3040003410
What is 154065443 (base 7) in base 8?
47434664
Convert 94d81 (base 15) to base 9.
788624
What is -5220403 (base 7) in base 10?
-626860
Convert -1220201102211 (base 3) to base 16.
-f8893
What is -2045051 (base 8) in base 11?
-341195
-337896a (base 11) to base 8
-26433110
Convert -220102211020 (base 3) to base 9.
-812736
54788 (base 10) to base 4
31120010
-76441 (base 11) to base 10
-111002
What is 167d (base 16) in base 15?
1a8c
1011110010110111111110 (base 2) to base 16
2f2dfe
-3033342 (base 5) to base 10
-49222
Convert 994a7 (base 13) to base 11.
17a656
-66408 (base 11) to base 5
-11040244
What is 21324410 (base 6) in base 9?
1164846
Convert 6664035 (base 7) to base 16.
c8d0c
What is -122c12 (base 15) in base 5?
-210320332
-1021534 (base 6) to base 2
-1100001000000010
-434350 (base 7) to base 14
-1d997
What is 20210113 (base 6) in base 7?
4621350
What is -10202102000 (base 3) in base 12?
-36946
2645574 (base 10) to base 12
a77006
Convert 11012223 (base 4) to base 13.
9693
-31151141 (base 6) to base 16
-dbf85
Convert 3ddd2 (base 15) to base 8.
604330
Convert 111410 (base 10) to base 4.
123030302
What is -154512124 (base 6) in base 2?
-1100100111010001010100
-17643 (base 9) to base 4
-2332131
Convert 4de4e (base 15) to base 14.
66d67
What is 3321301442 (base 5) in base 9?
14513023
What is 303211 (base 6) in base 16?
5df7
3c474 (base 14) to base 13
52b04
-29322 (base 10) to base 8
-71212
Convert 20102211012 (base 3) to base 7.
1035302
-16a114b (base 15) to base 9
-33862428
-53248 (base 10) to base 6
-1050304
Convert -42a80 (base 12) to base 2.
-10101011110000000
Convert -20476566 (base 8) to base 15.
-5b1199
What is -99321 (base 11) in base 5?
-14103014
What is 83a251 (base 15) in base 6?
342110451
103311220000 (base 4) to base 6
303243504
11332214 (base 5) to base 16
19b5d
What is -1454924 (base 11) in base 9?
-4623046
What is -222074 (base 13) in base 15?
-10d432
9293 (base 13) to base 2
100111100000111
What is -211381 (base 12) in base 8?
-1770721
Convert 32455b4 (base 13) to base 6.
1304553134
Convert -2341043302 (base 5) to base 7.
-63656161
What is -111582 (base 10) in base 8?
-331736
What is 3873467 (base 9) in base 12?
8600ba
What is -abcbc (base 16) in base 13?
-1b839c
-2101101001121 (base 3) to base 2
-100110101010101100101
2c808 (base 14) to base 5
12030321
Convert 202058 (base 10) to base 12.
98b22
862e4 (base 15) to base 14
b1306
What is 101100010101010001011 (base 2) in base 8?
5425213
80028d (base 14) to base 10
4303109
Convert 1652207 (base 8) to base 5.
110333031
Convert -1948852 (base 10) to base 6.
-105434244
a139707 (base 11) to base 16
111a469
Convert -1141023223 (base 5) to base 14.
-4d848b
What is 522310002 (base 6) in base 7?
140100215
-4a6108 (base 12) to base 2
-100101000001100011000
Convert -22135135 (base 6) to base 9.
-1224505
Convert 25105 (base 12) to base 4.
30101111
Convert 271048 (base 9) to base 6.
3310542
What is 2cc05 (base 13) in base 15?
1a514
Convert -2322021231 (base 4) to base 6.
-24201553
What is -4224854 (base 9) in base 16?
-227e75
Convert 99476 (base 10) to base 15.
1e71b
What is 103500333 (base 7) in base 16?
5ea262
Convert 40460442 (base 7) to base 2.
1100111000001110100000
Convert 3504333 (base 6) to base 14.
4977b
8804536 (base 9) to base 5
2202233044
Convert -201100211021 (base 3) to base 7.
-3145123
Convert 667919 (base 13) to base 11.
1400236
Convert 636126 (base 10) to base 8.
2332336
What is -8685082 (base 9) in base 4?
-101302030031
-6461 (base 7) to base 8
-4371
What is -1404b6 (base 15) in base 2?
-11101011000110000010
What is 110001101101001110011001 (base 2) in base 10?
13030297
Convert -9c219a (base 16) to base 8.
-47020632
3aec07 (base 15) to base 13
783127
Convert -3639113 (base 10) to base 4.
-31320131021
What is -2553714 (base 9) in base 3?
-2121210210111
What is -2202312303 (base 4) in base 3?
-1020220000220
-93194 (base 11) to base 6
-2525322
27a999 (base 12) to base 13
1a2134
80464 (base 10) to base 8
235120
What is c4aeb8 (base 16) in base 12?
4397448
2342012 (base 5) to base 13
16991
What is -1485772 (base 9) in base 13?
-22b317
What is 10258556 (base 9) in base 11?
2874685
Convert 11111000010111000100110 (base 2) to base 3.
120022110121201
Convert 25406245 (base 7) to base 11.
1334656
2275 (base 14) to base 9
8177
Convert -1200434132 (base 5) to base 15.
-394912
Convert -120904 (base 10) to base 13.
-43054
Convert -14353435 (base 6) to base 12.
-1bb87b
37775 (base 12) to base 16
12689
Convert 1332223110 (base 4) to base 6.
15042100
Convert -33122131 (base 6) to base 8.
-3616647
What is -505591 (base 11) in base 6?
-25230035
What is -4240162 (base 8) in base 15?
-174ee0
Convert -12533311 (base 7) to base 4.
-10121010133
150d2 (base 15) to base 7
401240
Convert -261808 (base 12) to base 4.
-2120211020
-22145 (base 10) to base 11
-15702
What is -768652 (base 9) in base 5?
-104142244
373a2c (base 14) to base 9
3504156
What is 65580a (base 12) in base 8?
6101512
-103111123 (base 4) to base 10
-79195
-10100100001111010 (base 2) to base 12
-407b6
-3333230210 (base 4) to base 6
-34240432
Convert -82b296 (base 12) to base 4.
-13310313102
4266b (base 15) to base 3
101201000202
What is 211021000010 (base 3) in base 4?
1222331310
-312349 (base 10) to base 4
-1030100131
What is 4121144411 (base 5) in base 10?
8381231
What is -1130113312 (base 4) in base 7?
-3134041
70736 (base 8) to base 4
13013132
41602 (base 13) to base 2
11100101011010001
Convert -211421424 (base 5) to base 2.
-11011001000010011101
Convert 4510141 (base 6) to base 15.
47341
Convert 102020043 (base 5) to base 10.
423148
-1110225 (base 6) to base 2
-1101101000001001
Convert -6000016 (base 7) to base 16.
-ac573
What is -111111011010101001 (base 2) in base 14?
-6a93b
Convert -111333232200 (base 4) to base 14.
-aa1488
What is 1020212110212 (base 3) in base 15?
d27d8
What is -1f33bb (base 16) in base 13?
-56799b
What is -916179 (base 10) in base 14?
-19bc55
What is 2450421 (base 7) in base 4?
1030311312
11000110011100100001 (base 2) to base 13
225c88
-1c1a9 (base 16) to base 2
-11100000110101001
Convert -22537 (base 12) to base 15.
-d811
Convert 424379 (base 10) to base 13.
11b217
Convert -17250231 (base 10) to base 11.
-9812399
Convert 101567704 (base 8) to base 7.
266316343
Convert -12201200021 (base 3) to base 2.
-11011100001110111
What is 82060 (base 16) in base 5?
114020301
What is 4a38e (base 15) in base 7?
2005064
-16a453 (base 12) to base 7
-3216300
What is 20280 (base 16) in base 14?
36000
Convert 4554c2 (base 13) to base 2.
110010000010101110100
What is -321000102 (base 4) in base 9?
-385253
What is 10101110101101001011 (base 2) in base 15?
e2065
What is -155342302 (base 6) in base 8?
-14576476
7ce5 (base 15) to base 16
67ac
Convert 24044200 (base 5) to base 10.
221800
Convert 7b15e (base 15) to base 14.
a2b0a
What is -1021010222 (base 4) in base 15?
-5da3b
15156 (base 11) to base 7
116422
2999726 (base 10) to base 14
5812a2
What is -1100001110100010010 (base 2) in base 6?
-12330522
Convert 10427113 (base 8) to base 7.
25016555
-39661 (base 13) to base 5
-11402144
Convert 454425 (base 9) to base 8.
1023610
Convert -4511767 (base 8) to base 16.
-1293f7
Convert -155262650 (base 7) to base 10.
-10519796
What is -22621622 (base 7) in base 13?
-548246
What is 7062304 (base 10) in base 11?
3a94017
414333224 (base 5) to base 8
6425176
What is -1320643 (base 7) in base 16?
-2a48d
What is -312d7 (base 15) in base 14?
-40b5c
-458c6 (base 13) to base 9
-212765
What is 616705 (base 11) in base 4?
3301221121
Convert -6dd30 (base 15) to base 4.
-1111212003
What is 101010111100010000110 (base 2) in base 12?
57a372
What is 34417a (base 11) in base 3?
1000210200111
-1100011100000010 (base 2) to base 15
-10166
c2922 (base 15) to base 3
1011022102012
-2eaeb (base 15) to base 3
-21200002112
What is 22b609c (base 13) in base 4?
220322011212
What is 2914112 (base 11) in base 4?
103013303020
Convert -110100001010101001110 (base 2) to base 5.
-414200030
What is 1034321300 (base 6) in base 15?
e9cd4c
12110033 (base 5) to base 4
123213313
Convert -1205045 (base 6) to base 15.
-13b62
421399 (base 14) to base 2
100010000011010